{"id":14,"date":"2023-11-16T17:44:38","date_gmt":"2023-11-16T16:44:38","guid":{"rendered":"https:\/\/lekarz-rumia.pl\/?page_id=14"},"modified":"2023-11-20T17:28:16","modified_gmt":"2023-11-20T16:28:16","slug":"lekarz","status":"publish","type":"page","link":"https:\/\/lekarz-rumia.pl\/","title":{"rendered":"Lekarz"},"content":{"rendered":"\n<p>Dolegliwo\u015bci z kt\u00f3rymi mo\u017cesz do nas si\u0119 zg\u0142osi\u0107:<\/p>\n\n\n\n<p><a href=\"https:\/\/rumia-przychodnia.pl\">NZOZ Przychodnia Bia\u0142a Rzeka<\/a><\/p>\n\n\n<p>\u015bwiadczy us\u0142ugi medyczne:<\/p>\n\n\n<ul class=\"wp-block-list\">\n<li><a href=\"https:\/\/rumia-przychodnia.pl\">Lekarz POZ<\/a><\/li>\n\n\n\n<li><a href=\"https:\/\/rumia-przychodnia.pl\">Lekarz Ginekolog<\/a><\/li>\n\n\n\n<li><a href=\"https:\/\/ciaza-rumia.pl\">Fizykoterapia<\/a><\/li>\n\n\n\n<li><a href=\"https:\/\/usg-rumia.pl\">USG<\/a><\/li>\n\n\n\n<li><a href=\"https:\/\/dieta-rumia.pl\">Dietetyk<\/a><\/li>\n\n\n\n<li><a href=\"https:\/\/rumia-przychodnia.pl\">Szko\u0142a rodzenia<\/a><\/li>\n\n\n\n<li><a href=\"https:\/\/rumia-przychodnia.pl\">Piel\u0119gniarka<\/a><\/li>\n\n\n\n<li><a href=\"https:\/\/rumia-przychodnia.pl\">Po\u0142o\u017cna<\/a><\/li>\n<\/ul>\n\n\n\n<p><\/p>\n\n\n\n<blockquote class=\"wp-block-quote is-layout-flow wp-block-quote-is-layout-flow\">\n<p>Rejestracja<\/p>\n\n\n\n<p>Rumia, Che\u0142mo\u0144skiego 58<\/p>\n\n\n\n<p>tel. 58 771 25 07<\/p>\n\n\n\n<p><strong><em>Nie mo\u017cesz si\u0119 dodzwoni\u0107, napisz maila, a oddzwonimy:<\/em><\/strong><\/p>\n\n\n\n<p>erejestracja@wp.pl<\/p>\n<\/blockquote>\n","protected":false},"excerpt":{"rendered":"<p>Dolegliwo\u015bci z kt\u00f3rymi mo\u017cesz do nas si\u0119 zg\u0142osi\u0107: NZOZ Przychodnia Bia\u0142a Rzeka \u015bwiadczy us\u0142ugi medyczne: Rejestracja Rumia, Che\u0142mo\u0144skiego 58 tel. 58 771 25 07 Nie mo\u017cesz si\u0119 dodzwoni\u0107, napisz maila, a oddzwonimy: erejestracja@wp.pl<\/p>\n","protected":false},"author":2,"featured_media":0,"parent":0,"menu_order":0,"comment_status":"closed","ping_status":"closed","template":"","meta":{"footnotes":""},"class_list":["post-14","page","type-page","status-publish","hentry"],"_links":{"self":[{"href":"https:\/\/lekarz-rumia.pl\/index.php?rest_route=\/wp\/v2\/pages\/14","targetHints":{"allow":["GET"]}}],"collection":[{"href":"https:\/\/lekarz-rumia.pl\/index.php?rest_route=\/wp\/v2\/pages"}],"about":[{"href":"https:\/\/lekarz-rumia.pl\/index.php?rest_route=\/wp\/v2\/types\/page"}],"author":[{"embeddable":true,"href":"https:\/\/lekarz-rumia.pl\/index.php?rest_route=\/wp\/v2\/users\/2"}],"replies":[{"embeddable":true,"href":"https:\/\/lekarz-rumia.pl\/index.php?rest_route=%2Fwp%2Fv2%2Fcomments&post=14"}],"version-history":[{"count":7,"href":"https:\/\/lekarz-rumia.pl\/index.php?rest_route=\/wp\/v2\/pages\/14\/revisions"}],"predecessor-version":[{"id":43,"href":"https:\/\/lekarz-rumia.pl\/index.php?rest_route=\/wp\/v2\/pages\/14\/revisions\/43"}],"wp:attachment":[{"href":"https:\/\/lekarz-rumia.pl\/index.php?rest_route=%2Fwp%2Fv2%2Fmedia&parent=14"}],"curies":[{"name":"wp","href":"https:\/\/api.w.org\/{rel}","templated":true}]}}